divided by 45.
20
Calculate the remainder when 590 is divided by 35.
30
Calculate the remainder when 178 is divided by 30.
28
Calculate the remainder when 2342 is divided by 777.
11
Calculate the remainder when 103 is divided by 21.
19
What is the remainder when 1288 is divided by 37?
30
What is the remainder when 437 is divided by 20?
17
Calculate the remainder when 454 is divided by 35.
34
What is the remainder when 450 is divided by 19?
13
What is the remainder when 356 is divided by 40?
36
What is the remainder when 1430 is divided by 674?
82
Calculate the remainder when 6446 is divided by 13.
11
What is the remainder when 466 is divided by 37?
22
What is the remainder when 187 is divided by 5?
2
What is the remainder when 2641 is divided by 331?
324
Calculate the remainder when 244 is divided by 76.
16
Calculate the remainder when 195 is divided by 98.
97
What is the remainder when 650 is divided by 29?
12
Calculate the remainder when 98 is divided by 34.
30
What is the remainder when 183 is divided by 23?
22
Calculate the remainder when 1936 is divided by 13.
12
What is the remainder when 28696 is divided by 41?
37
Calculate the remainder when 595 is divided by 265.
65
What is the remainder when 104 is divided by 35?
34
What is the remainder when 809 is divided by 27?
26
Calculate the remainder when 98 is divided by 7.
0
Calculate the remainder when 249 is divided by 63.
60
What is the remainder when 120 is divided by 42?
36
What is the remainder when 494 is divided by 25?
19
Calculate the remainder when 812 is divided by 24.
20
What is the remainder when 130 is divided by 48?
34
What is the remainder when 853 is divided by 822?
31
What is the remainder when 5138 is divided by 161?
147
Calculate the remainder when 1101 is divided by 12.
9
What is the remainder when 884 is divided by 125?
9
Calculate the remainder when 28 is divided by 14.
0
Calculate the remainder when 1578 is divided by 104.
18
Calculate the remainder when 283 is divided by 97.
89
Calculate the remainder when 332 is divided by 111.
110
Calculate the remainder when 2118 is divided by 178.
160
What is the remainder when 2053 is divided by 344?
333
Calculate the remainder when 382 is divided by 34.
8
What is the remainder when 2144 is divided by 39?
38
Calculate the remainder when 1786 is divided by 551.
133
Calculate the remainder when 3953 is divided by 220.
213
Calculate the remainder when 390 is divided by 72.
30
What is the remainder when 258 is divided by 13?
11
What is the remainder when 255 is divided by 136?
119
Calculate the remainder when 130 is divided by 12.
10
Calculate the remainder when 498 is divided by 184.
130
What is the remainder when 219 is divided by 45?
39
What is the remainder when 911 is divided by 12?
11
What is the remainder when 63748 is divided by 250?
248
What is the remainder when 3549 is divided by 74?
71
What is the remainder when 269 is divided by 130?
9
What is the remainder when 5 is divided by 2?
1
What is the remainder when 39 is divided by 10?
9
Calculate the remainder when 192 is divided by 93.
6
Calculate the remainder when 434 is divided by 11.
5
Calculate the remainder when 988 is divided by 62.
58
What is the remainder when 1829 is divided by 61?
60
Calculate the remainder when 6730 is divided by 36.
34
What is the remainder when 138 is divided by 134?
4
What is the remainder when 558 is divided by 45?
18
What is the remainder when 1729 is divided by 60?
49
What is the remainder when 4099 is divided by 1361?
16
What is the remainder when 326 is divided by 41?
39
Calculate the remainder when 2256 is divided by 61.
60
What is the remainder when 489 is divided by 245?
244
What is the remainder when 547 is divided by 527?
20
Calculate the remainder when 336 is divided by 39.
24
What is the remainder when 1751 is divided by 579?
14
Calculate the remainder when 343 is divided by 117.
109
Calculate the remainder when 829 is divided by 224.
157
Calculate the remainder when 18010 is divided by 79.
77
Calculate the remainder when 217 is divided by 115.
102
Calculate the remainder when 2728 is divided by 451.
22
Calculate the remainder when 536 is divided by 39.
29
What is the remainder when 802 is divided by 35?
32
Calculate the remainder when 66 is divided by 19.
9
Calculate the remainder when 627 is divided by 9.
6
What is the remainder when 1313 is divided by 28?
25
What is the remainder when 124 is divided by 9?
7
What is the remainder when 50 is divided by 11?
6
What is the remainder when 257 is divided by 13?
10
What is the remainder when 2961 is divided by 13?
10
What is the remainder when 77 is divided by 21?
14
What is the remainder when 386 is divided by 50?
36
What is the remainder when 366 is divided by 46?
44
What is the remainder when 325 is divided by 149?
27
Calculate the remainder when 87 is divided by 6.
3
Calculate the remainder when 26998 is divided by 13.
10
What is the remainder when 169 is divided by 57?
55
What is the remainder when 319 is divided by 128?
63
What is the remainder when 345 is divided by 70?
65
What is the remainder when 151 is divided by 11?
8
What is the remainder when 10 is divided by 5?
0
What is the remainder when 15766 is divided by 13?
10
Calculate the remainder when 6382 is divided by 228.
226
What is the remainder when 318 is divided by 10?
8
What is the remainder when 132 is divided by 24?
12
Calculate the remainder when 431 is divided by 23.
17
Calculate the remainder when 557 is divided by 198.
161
Calculate the remainder when 78 is divided by 38.
2
Calculate the remainder when 660 is divided by 139.
104
What is the remainder when 4991 is divided by 13?
12
Calculate the remainder when 25503 is divided by 32.
31
What is the remainder when 2345 is divided by 98?
91
Calculate the remainder when 3612 is divided by 1790.
32
What is the remainder when 545 is divided by 11?
6
Calculate the remainder when 688 is divided by 69.
67
What is the remainder when 105 is divided by 24?
9
What is the remainder when 115 is divided by 13?
11
Calculate the remainder when 131 is divided by 34.
29
Calculate the remainder when 15676 is divided by 28.
24
What is the remainder when 12318 is divided by 55?
53
Calculate the remainder when 74 is divided by 34.
6
Calculate the remainder when 786 is divided by 357.
72
Calculate the remainder when 460 is divided by 181.
98
What is the remainder when 104 is divided by 99?
5
Calculate the remainder when 739 is divided by 124.
119
What is the remainder when 1825 is divided by 29?
27
Calculate the remainder when 228 is divided by 78.
72
Calculate the remainder when 1020 is divided by 31.
28
Calculate the remainder when 32 is divided by 7.
4
What is the remainder when 1744 is divided by 18?
16
What is the remainder when 105 is divided by 29?
18
What is the remainder when 134 is divided by 15?
14
What is the remainder when 313 is divided by 177?
136
Calculate the remainder when 7201 is divided by 2396.
13
Calculate the remainder when 12078 is divided by 149.
9
What is the remainder when 46 is divided by 18?
10
Calculate the remainder when 5492 is divided by 41.
39
What is the remainder when 88 is divided by 26?
10
Calculate the remainder when 218 is divided by 37.
33
What is the remainder when 6820 is divided by 9?
7
What is the remainder when 172 is divided by 82?
8
Calculate the remainder when 1611 is divided by 101.
96
Calculate the remainder when 715 is divided by 20.
15
What is the remainder when 1006 is divided by 48?
46
What is the remainder when 651 is divided by 314?
23
What is the remainder when 3438 is divided by 1137?
27
Calculate the remainder when 4931 is divided by 18.
17
What is the remainder when 700 is divided by 19?
16
What is the remainder when 314 is divided by 113?
88
What is the remainder when 247 is divided by 230?
17
What is the remainder when 246 is divided by 87?
72
What is the remainder when 143 is divided by 6?
5
What is the remainder when 2859 is divided by 10?
9
What is the remainder when 1752 is divided by 561?
69
What is the remainder when 502 is divided by 28?
26
Calculate the remainder when 11135 is divided by 58.
57
Calculate the remainder when 251 is divided by 20.
11
What is the remainder when 15468 is divided by 65?
63
What is the 